{"id":4054,"date":"2022-01-15T19:10:08","date_gmt":"2022-01-15T18:10:08","guid":{"rendered":"https:\/\/cftc-syntec.fr\/testimport\/?page_id=4054"},"modified":"2022-03-23T16:20:08","modified_gmt":"2022-03-23T15:20:08","slug":"connexion","status":"publish","type":"page","link":"https:\/\/cftc-syntec.fr\/testimport\/connexion\/","title":{"rendered":"Connexion"},"content":{"rendered":"\t\t<div data-elementor-type=\"wp-page\" data-elementor-id=\"4054\" class=\"elementor elementor-4054\">\n\t\t\t\t\t\t<div class=\"elementor-inner\">\n\t\t\t\t<div class=\"elementor-section-wrap\">\n\t\t\t\t\t\t\t\t\t<section class=\"elementor-section elementor-top-section elementor-element elementor-element-231f59c elementor-section-full_width elementor-section-height-default elementor-section-height-default\" data-id=\"231f59c\" data-element_type=\"section\">\n\t\t\t\t\t\t<div class=\"elementor-container elementor-column-gap-default\">\n\t\t\t\t\t\t\t<div class=\"elementor-row\">\n\t\t\t\t\t<div class=\"elementor-column elementor-col-100 elementor-top-column elementor-element elementor-element-a2ad017\" data-id=\"a2ad017\" data-element_type=\"column\">\n\t\t\t<div class=\"elementor-column-wrap elementor-element-populated\">\n\t\t\t\t\t\t\t<div class=\"elementor-widget-wrap\">\n\t\t\t\t\t\t<div class=\"elementor-element elementor-element-efa2b55 elementor-widget elementor-widget-eael-login-register\" data-id=\"efa2b55\" data-element_type=\"widget\" data-widget_type=\"eael-login-register.default\">\n\t\t\t\t<div class=\"elementor-widget-container\">\n\t\t\t        <div class=\"eael-login-registration-wrapper has-illustration\"\n             data-is-ajax=\"\"\n             data-widget-id=\"efa2b55\"\n             data-recaptcha-sitekey=\"\"\n             data-redirect-to=\"https:\/\/cftc-syntec.fr\/testimport\/\"\n        >\n\t\t\t            <section\n                    id=\"eael-login-form-wrapper\"\n                    class=\"\"\n                    data-recaptcha-theme=\"light\"\n                    data-recaptcha-size=\"normal\">\n                <div class=\"eael-login-form-wrapper eael-lr-form-wrapper style-2 \">\n\t\t\t\t\t            <div class=\"lr-form-illustration lr-img-pos-left\"\n                 style=\"background-image: url('https:\/\/cftc-syntec.fr\/testimport\/wp-content\/uploads\/sites\/11\/2022\/01\/logo-300x244.png');\"><\/div>\n\t\t                        <div class=\"lr-form-wrapper\">\n\t\t\t\t\t\t\t        <div class=\"lr-form-header header-block\">\n\t\t\t                <div class=\"form-logo\">\n                    <img decoding=\"async\" src=\"https:\/\/cftc-syntec.fr\/testimport\/wp-content\/uploads\/sites\/11\/2021\/12\/cropped-logo.jpg\"\n                         alt=\"Form Logo Image\">\n                <\/div>\n\t\t\t\n\t\t\t                <div class=\"form-dsc\">\n\t\t\t\t\t<h4>Utilisez ce formulaire pour vous connecter et vous enregistrer<\/h4><p>[Si vous ne vous vous \u00eates pas enregistr\u00e9 pr\u00e9alablement, cliquer sur le lien &quot;S&#039;enregistrer&#039; ci-dessous]<\/p>                <\/div>\n\t\t\t        <\/div>\n\t\t\t\t\t\t\t\t\t                            <form class=\"eael-login-form eael-lr-form\"\n                                  id=\"eael-login-form\"\n                                  method=\"post\">\n\t\t\t\t\t\t\t\t                                <div class=\"eael-lr-form-group\">\n\t\t\t\t\t\t\t\t\t<label for=\"eael-user-login\" class=\"eael-field-label\">Username or Email Address<\/label>                                    <input type=\"text\"\n                                           name=\"eael-user-login\"\n                                           id=\"eael-user-login\"\n                                           class=\"eael-lr-form-control\"\n                                           aria-describedby=\"emailHelp\"\n                                           placeholder=\"Username or Email Address\"\n                                           required>\n\t\t\t\t\t\t\t\t\t                                <\/div>\n                                <div class=\"eael-lr-form-group\">\n\t\t\t\t\t\t\t\t\t<label for=\"eael-user-password\" class=\"eael-field-label\">Password<\/label>                                    <div class=\"eael-lr-password-wrapper\">\n                                        <input type=\"password\"\n                                               name=\"eael-user-password\"\n                                               class=\"eael-lr-form-control\"\n                                               id=\"eael-user-password\"\n                                               placeholder=\"Password\"\n                                               required>\n\t\t\t\t\t\t\t\t\t\t                                            <button type=\"button\"\n                                                    id=\"wp-hide-pw\"\n                                                    class=\"wp-hide-pw hide-if-no-js\"\n                                                    aria-label=\"Show password\">\n                                                <span class=\"dashicons dashicons-visibility\"\n                                                      aria-hidden=\"true\"><\/span>\n                                            <\/button>\n\t\t\t\t\t\t\t\t\t\t\t\t\t\t\t\t\t\t\t\t                                    <\/div>\n                                <\/div>\n                                <div class=\"eael-forever-forget eael-lr-form-group\">\n\t\t\t\t\t\t\t\t\t                                        <p class=\"forget-menot\">\n                                            <input name=\"eael-rememberme\"\n                                                   type=\"checkbox\"\n                                                   id=\"rememberme\"\n                                                   class=\"remember-me \"\n                                                   value=\"forever\">\n                                            <label for=\"rememberme\"\n                                                   class=\"eael-checkbox-label rememberme\">Se souvenir de moi<\/label>\n                                        <\/p>\n\t\t\t\t\t\t\t\t\t<p class=\"forget-pass\"><a href=\"https:\/\/cftc-syntec.fr\/testimport\/wp-login.php?action=lostpassword\">Mot de passe oubli\u00e9 ?<\/a><\/p>\n                                <\/div>\n\n\t\t\t\t\t\t\t\t\n\n                                <div class=\"eael-lr-footer\">\n                                    <input type=\"submit\"\n                                           name=\"eael-login-submit\"\n                                           id=\"eael-login-submit\"\n                                           class=\"g-recaptcha eael-lr-btn eael-lr-btn-block \"\n                                           value=\"Connexion\"\/>\n\t\t\t\t\t\t\t\t\t                                        <div class=\"eael-sign-wrapper \">\n\t\t\t\t\t\t\t\t\t\t\t<span class=\"d-ib\"><\/span> <a href=\"\" id=\"eael-lr-reg-toggle\" class=\"eael-lr-link\" data-action=\"form\" >S'enregistrer<\/a>                                        <\/div>\n\t\t\t\t\t\t\t\t\t\n                                <\/div>\n\t\t\t\t\t\t\t\t                                <div class=\"eael-form-validation-container\">\n\t\t\t\t\t\t\t\t\t                                <\/div>\n\t\t\t\t\t\t\t\t                <input type=\"hidden\"\n                       name=\"redirect_to\"\n                       value=\"https:\/\/cftc-syntec.fr\/testimport\/\">\n\t\t\t<input type=\"hidden\" id=\"eael-login-nonce\" name=\"eael-login-nonce\" value=\"5afab8b523\" \/><input type=\"hidden\" name=\"_wp_http_referer\" value=\"\/testimport\/wp-json\/wp\/v2\/pages\/4054\" \/>        <input type=\"hidden\"\n               name=\"page_id\"\n               value=\"4054\">\n        <input type=\"hidden\"\n               name=\"widget_id\"\n               value=\"efa2b55\">\n\t\t                            <\/form>\n\t\t\t\t\t\t\t                        <\/div>\n\t\t\t\t\t\t                <\/div>\n\n            <\/section>\n\t\t\t            <section\n                    id=\"eael-register-form-wrapper\"\n                    class=\"eael-lr-d-none\"\n                    data-recaptcha-theme=\"light\"\n                    data-recaptcha-size=\"normal\">\n                <div class=\"eael-register-form-wrapper eael-lr-form-wrapper style-2 \">\n\t\t\t\t\t            <div class=\"lr-form-illustration lr-img-pos-left\"\n                 style=\"background-image: url('https:\/\/cftc-syntec.fr\/testimport\/wp-content\/uploads\/sites\/11\/2022\/01\/logo-300x244.png');\"><\/div>\n\t\t                    <div class=\"lr-form-wrapper\">\n\t\t\t\t\t\t        <div class=\"lr-form-header header-block\">\n\t\t\t                <div class=\"form-logo\">\n                    <img decoding=\"async\" src=\"https:\/\/cftc-syntec.fr\/testimport\/wp-content\/uploads\/sites\/11\/2021\/12\/cropped-logo.jpg\"\n                         alt=\"Form Logo Image\">\n                <\/div>\n\t\t\t\n\t\t\t                <div class=\"form-dsc\">\n\t\t\t\t\t<h4>Formulaire d'enregistrement<\/h4>                <\/div>\n\t\t\t        <\/div>\n\t\t                        <form class=\"eael-register-form eael-lr-form\"\n                              id=\"eael-register-form\"\n                              method=\"post\">\n\t\t\t\t\t\t\t\t\t\t\t\t\t\t                                <div class=\"eael-lr-form-group eael-field-type-user_name eael-w-100\">\n\t\t\t\t\t\t\t\t\t<label for=\"form-field-user_name\" class=\"eael-field-label\">Utilisateur<\/label><input name=\"user_name\" type=\"text\" placeholder=\"Saisir votre nom d&#039;utilisateur\" class=\"eael-lr-form-control form-field-user_name\" id=\"form-field-user_name\">                                <\/div>\n\n\t\t\t\t\t\t\t\t                                <div class=\"eael-lr-form-group eael-field-type-email eael-w-100\">\n\t\t\t\t\t\t\t\t\t<label for=\"form-field-email\" class=\"eael-field-label mark-required\">Email<\/label><input name=\"email\" type=\"email\" placeholder=\"Saisir votre nom mail\" class=\"eael-lr-form-control form-field-email\" id=\"form-field-email\" required=\"required\" aria-required=\"true\">                                <\/div>\n\n\t\t\t\t\t\t\t\t                                <div class=\"eael-lr-form-group eael-field-type-password eael-w-100\">\n\t\t\t\t\t\t\t\t\t<label for=\"form-field-password\" class=\"eael-field-label mark-required\">Mot de passe<\/label><input name=\"password\" type=\"password\" placeholder=\"Saisir votre mot de passe\" class=\"eael-lr-form-control form-field-password\" id=\"form-field-password\" required=\"required\" aria-required=\"true\">                                <\/div>\n\n\t\t\t\t\t\t\t\t                                <div class=\"eael-lr-form-group eael-field-type-confirm_pass eael-w-100\">\n\t\t\t\t\t\t\t\t\t<label for=\"form-field-confirm_pass\" class=\"eael-field-label mark-required\">Confirmation<\/label><input name=\"confirm_pass\" type=\"password\" placeholder=\"Confirmer le mot de passe\" class=\"eael-lr-form-control form-field-confirm_pass\" id=\"form-field-confirm_pass\" required=\"required\" aria-required=\"true\">                                <\/div>\n\n\t\t\t\t\t\t\t\t                                <div class=\"eael-lr-form-group eael-field-type-first_name eael-w-100\">\n\t\t\t\t\t\t\t\t\t<label for=\"form-field-first_name\" class=\"eael-field-label\">Pr\u00e9nom<\/label><input name=\"first_name\" type=\"text\" placeholder=\"Saisir votre pr\u00e9nom\" class=\"eael-lr-form-control form-field-first_name\" id=\"form-field-first_name\">                                <\/div>\n\n\t\t\t\t\t\t\t\t                                <div class=\"eael-lr-form-group eael-field-type-last_name eael-w-100\">\n\t\t\t\t\t\t\t\t\t<label for=\"form-field-last_name\" class=\"eael-field-label\">Nom<\/label><input name=\"last_name\" type=\"text\" placeholder=\"Saisir votre nom\" class=\"eael-lr-form-control form-field-last_name\" id=\"form-field-last_name\">                                <\/div>\n\n\t\t\t\t\t\t\t\t<input type=\"hidden\" id=\"eael-register-nonce\" name=\"eael-register-nonce\" value=\"25bcfd8ab0\" \/><input type=\"hidden\" name=\"_wp_http_referer\" value=\"\/testimport\/wp-json\/wp\/v2\/pages\/4054\" \/>        <input type=\"hidden\"\n               name=\"page_id\"\n               value=\"4054\">\n        <input type=\"hidden\"\n               name=\"widget_id\"\n               value=\"efa2b55\">\n\t\t\n                            <div class=\"eael-lr-footer\">\n                                <input type=\"submit\"\n                                       name=\"eael-register-submit\"\n                                       id=\"eael-register-submit\"\n                                       class=\"eael-lr-btn eael-lr-btn-block\"\n                                       value=\"S&#039;enregistrer\"\/>\n\t\t\t\t\t\t\t\t                                    <div class=\"eael-sign-wrapper  \">\n\t\t\t\t\t\t\t\t\t\t<span class=\"d-ib\"><\/span> <a href=\"\" id=\"eael-lr-login-toggle\" class=\"eael-lr-link\" data-action=\"form\" >Se connecter<\/a>                                    <\/div>\n\t\t\t\t\t\t\t\t                            <\/div>\n\n                            <div class=\"eael-form-validation-container\">\n\t\t\t\t\t\t\t\t                            <\/div>\n\t\t\t\t\t\t\t                        <\/form>\n\t\t\t\t\t\t                    <\/div>\n\t\t\t\t\t                <\/div>\n            <\/section>\n\t\t\t        <\/div>\n\n\t\t\t\t<\/div>\n\t\t\t\t<\/div>\n\t\t\t\t\t\t<\/div>\n\t\t\t\t\t<\/div>\n\t\t<\/div>\n\t\t\t\t\t\t\t\t<\/div>\n\t\t\t\t\t<\/div>\n\t\t<\/section>\n\t\t\t\t\t\t\t\t\t<\/div>\n\t\t\t<\/div>\n\t\t\t\t\t<\/div>\n\t\t","protected":false},"excerpt":{"rendered":"","protected":false},"author":1,"featured_media":0,"parent":0,"menu_order":0,"comment_status":"closed","ping_status":"closed","template":"","meta":[],"_links":{"self":[{"href":"https:\/\/cftc-syntec.fr\/testimport\/wp-json\/wp\/v2\/pages\/4054"}],"collection":[{"href":"https:\/\/cftc-syntec.fr\/testimport\/wp-json\/wp\/v2\/pages"}],"about":[{"href":"https:\/\/cftc-syntec.fr\/testimport\/wp-json\/wp\/v2\/types\/page"}],"author":[{"embeddable":true,"href":"https:\/\/cftc-syntec.fr\/testimport\/wp-json\/wp\/v2\/users\/1"}],"replies":[{"embeddable":true,"href":"https:\/\/cftc-syntec.fr\/testimport\/wp-json\/wp\/v2\/comments?post=4054"}],"version-history":[{"count":3,"href":"https:\/\/cftc-syntec.fr\/testimport\/wp-json\/wp\/v2\/pages\/4054\/revisions"}],"predecessor-version":[{"id":4360,"href":"https:\/\/cftc-syntec.fr\/testimport\/wp-json\/wp\/v2\/pages\/4054\/revisions\/4360"}],"wp:attachment":[{"href":"https:\/\/cftc-syntec.fr\/testimport\/wp-json\/wp\/v2\/media?parent=4054"}],"curies":[{"name":"wp","href":"https:\/\/api.w.org\/{rel}","templated":true}]}}